))/((-2)/(-6)). What is the highest common factor of p and 1?
1
Let x be (4 - 3)/((-2)/(-14)). What is the greatest common factor of 28 and x?
7
Let t(n) = 10*n - 9. Let z be t(9). Calculate the greatest common divisor of 9 and z.
9
Let d(y) be the first derivative of -5*y**2 - 3*y - 1. Let r be d(-3). Calculate the greatest common divisor of 3 and r.
3
Let y(p) be the first derivative of -p**4/4 - 2*p**3 - 3*p**2 - 2*p + 6. Let b be y(-5). Calculate the highest common divisor of 6 and b.
3
Let g = -877 - -1489. Let k be (-2)/11 - g/(-99). What is the greatest common divisor of k and 6?
6
Let t be -7 - -5 - (-8 + -38). Suppose 4*l + 3 = -9. Let a(n) = n**2 + n - 2. Let o be a(l). What is the highest common factor of o and t?
4
Let t = 40 + -24. What is the greatest common divisor of 16 and t?
16
Let x = 139 + 141. Calculate the highest common factor of x and 28.
28
Let g(y) = -y**2 + 26*y - 54. Let w be g(16). Calculate the highest common factor of w and 53.
53
Suppose -s - 69 = -z, 0 = 3*z - s - 121 - 86. Suppose -3*h + z - 12 = 0. Let g = h + 33. What is the greatest common factor of g and 13?
13
Suppose -14*u + 17*u = 12. Suppose 3*x = u*r - 108, 2*r + 5*x - 22 - 6 = 0. Calculate the highest common factor of 24 and r.
24
Let h = -303 - -633. Suppose -h = 3*q - 8*q. Calculate the greatest common factor of q and 44.
22
Suppose -3*h - 18 = -3*v, 4*h = -3*v + 5*v - 20. Let y = v + -2. Suppose p + 2*p - 6 = y. What is the highest common factor of 16 and p?
2
Suppose -3 = -u - 1. Suppose 0 = u*m - 4*m + 3*q + 85, -m + q = -45. Calculate the highest common factor of m and 20.
10
Let y be ((2 + -1)*38)/1. Suppose -2*t = -5*h + 1, -h = -t + 6*t - y. What is the greatest common factor of 7 and t?
7
Let b be (-5)/(-25) - 16/5. Let c be (-8)/12 - 56/b. Calculate the highest common divisor of 18 and c.
18
Let z be (-372)/(-27) - 2/(-9). Let p = -5 + z. Calculate the highest common factor of p and 81.
9
Let t(h) = -4*h**3 - h**2 - h - 1. Let x be t(-1). What is the greatest common divisor of 9 and x?
3
Suppose f - 3*f - 5*q + 79 = 0, -3*f = -4*q - 61. Suppose -f = -3*s + 12. Calculate the greatest common divisor of s and 13.
13
Suppose 0 = 4*k + 103 - 323. Calculate the greatest common divisor of k and 5.
5
Let b = 3 + -1. Let n(m) = -m + 8. Let w be n(6). Suppose -b = w*k - 4*k. What is the greatest common factor of 9 and k?
1
Let n(q) = 7*q**2 + 2*q. Let v be n(4). Suppose -2*w - 2*w = -v. Let o(a) = 9*a**3 + 1. Let b be o(1). Calculate the greatest common factor of b and w.
10
Suppose 3*b = -y + 65, -15 = 4*b + 5*y - 120. Calculate the greatest common divisor of b and 10.
10
Suppose -4*q + 3*c = -198, -4*q + 193 + 9 = -5*c. What is the highest common divisor of q and 12?
12
Let s be 25/(-2 + (-57)/(-27)). Let l = 358 - s. Suppose 60 = 3*y - a, -y + 0*y = -3*a - 28. Calculate the greatest common divisor of y and l.
19
Let g be ((-16)/(-20))/((-2)/(-20)). Suppose -3*r + 26 = -2*z, z - 6 = -3*r + g. Calculate the highest common factor of r and 42.
6
Suppose -5*l + 6 = -2*l. Suppose 4*u = 18 + l. What is the greatest common factor of 20 and u?
5
Suppose -2*z - 6 = 0, 2*v - v = z + 8. Suppose 3*u + 405 = a + 3*a, 0 = u - v. Calculate the highest common factor of a and 42.
21
Let c be (-6)/(-24) + (-2)/8. Suppose c = -2*m + 3*m - 1. Let w(x) = x**2 - 3*x + 3. Let k be w(2). What is the greatest common divisor of m and k?
1
Let y be 2/(1*(-1)/(-198)). Suppose 0 = -2*g + 6*g - y. What is the greatest common divisor of 9 and g?
9
Let t be -5*((-255)/25 - -3). What is the greatest common divisor of 9 and t?
9
Suppose 4*b - 218 - 22 = 0. What is the greatest common divisor of 12 and b?
12
Suppose -2*s + 49 + 51 = 0. Let c = s - 22. What is the highest common divisor of 70 and c?
14
Let o be (-221)/6 + (-5)/30. Let w = 52 + o. Calculate the highest common divisor of 30 and w.
15
Let z(m) = 2*m**2 - 10*m - 24. Let f be z(11). Calculate the greatest common divisor of 12 and f.
12
Let v(u) = -u**3 - 5*u**2 + 2*u + 7. Let z be v(-5). Let o be 3 + (-3 - z) + 36. What is the greatest common divisor of o and 13?
13
Let p(h) = -h**2 + 6*h + 1. Let u be p(6). What is the highest common factor of u and 1?
1
Suppose -4*f = -m + 27 - 242, 5*f = 5*m + 250. Suppose -3*q = 10 - f. Calculate the highest common factor of 45 and q.
15
Let r(d) = -13*d + 8. Let s be r(-8). Suppose -68 = -5*l - 0*w - w, -2*l = 3*w - 22. What is the greatest common factor of s and l?
14
Let p be (-1 + -1)/(6/36). Suppose 2*w = -0*w - 12. Let l be (-10)/w*p/(-2). What is the greatest common divisor of 30 and l?
10
Let f = 3 + -6. Let m be (-482)/(-6) + f/9. Suppose -6*c = -c - m. What is the greatest common factor of 8 and c?
8
Let f be 20/(-3)*210/(-20). Calculate the highest common factor of f and 14.
14
Let f(d) = -15*d - 4. Let z be f(-4). What is the greatest common factor of 70 and z?
14
Let z(s) be the second derivative of -s**3/3 + s**2/2 + s. Let j(d) = d - 1. Let r be j(-4). Let p be z(r). Calculate the highest common factor of p and 11.
11
Let o(l) = l**3 - 2*l - 1. Let n be o(3). Suppose -5*a - 4*q + 496 = 0, q + 301 = -2*a + 5*a. Calculate the highest common divisor of n and a.
20
Let z be -2 + 88 - (-2 - 0). What is the greatest common divisor of 8 and z?
8
Suppose 60 = 5*x - 0*x. Suppose 198 + 342 = 5*w. Calculate the greatest common divisor of x and w.
12
Suppose 0 = 4*f - 3*r - 143, 70 = 4*f + 4*r - 66. Let z = 45 - 31. What is the greatest common factor of f and z?
7
Suppose 0 = 3*v + 2*d - 19 - 15, 5*v = -3*d + 56. Let m be (-174)/(-15) - (-4)/v. Suppose 42 - m = 3*t. Calculate the highest common factor of 90 and t.
10
Let h be (-488)/(-56) - (-2)/7. Let k(u) = -u**2 + 9*u + 9. Let f be k(h). Calculate the highest common factor of f and 72.
9
Let j(y) = 2*y + 4. Let r be j(-3). Let d = r - -5. What is the highest common divisor of 1 and d?
1
Let a(j) = -j**3 - 5*j**2 - 7*j + 2. Let i be a(-6). Let f be (-7 - -1)/((-24)/i). What is the highest common divisor of f and 80?
20
Let y = 191 + -107. Suppose 5*i - 3*w = 420, 5*w + y = i + 4*w. Let h = i + -14. Calculate the greatest common factor of h and 10.
10
Suppose 2*l + 18 = 3*l + 4*a, 0 = -2*l - 4*a + 20. Calculate the greatest common divisor of 3 and l.
1
Suppose 7*s - 98 + 14 = 0. Calculate the highest common divisor of s and 132.
12
Suppose 0 = 2*u + 4*b - 5 - 17, -5*b - 40 = -2*u. What is the greatest common factor of u and 30?
15
Let z(v) = -v**3 + 8*v**2 - 5*v - 9. Let f be z(7). What is the highest common factor of 45 and f?
5
Let c be 243/108*(-16)/(-6). Suppose 851 = 5*k + w, 2*k + 2*w + w = 343. Let q = -116 + k. What is the highest common factor of q and c?
6
Suppose -53 + 3 = -5*c. Let n be (c/(-20))/((-2)/100). What is the highest common divisor of 5 and n?
5
Suppose 0 = -4*w + 7 + 5. Let v(x) = -w*x + 4*x - 2 + 7. Let g be v(8). Calculate the highest common factor of g and 52.
13
Let i(f) = -f**2 + f + 2. Let w be i(3). Let n be 10/(-4)*8/w. Calculate the highest common factor of n and 15.
5
Let w = -23 - -35. What is the greatest common factor of w and 96?
12
Suppose -3*u - 2*u = -50. Let r = -5 + u. Suppose 0*i - r*i + 55 = 0. What is the highest common divisor of 1 and i?
1
Let b(q) = q**2 - 8*q - 25. Let k be b(11). Suppose -2*p + a - 4*a + 51 = 0, 4*p = -5*a + 101. Calculate the greatest common divisor of k and p.
8
Let t be (-304)/(-52) + (-4)/(-26). Let x = 57 - 39. Suppose -5*f + 8*r = 4*r - x, 2*r = -f + 12. Calculate the highest common divisor of f and t.
6
Let s = 8 - 8. Suppose 0 = 5*b - 2*f, s = 2*b + 3*f + 2*f - 29. What is the highest common divisor of b and 16?
2
Let n be 3 - (-248)/(2 - -2). What is the greatest common divisor of n and 65?
65
Let t = -3 - -5. Suppose -t*p - p + 150 = 0. Suppose 0 = -r + 6*r - p. What is the highest common factor of r and 40?
10
Suppose 6*b + 16 - 76 = 0. What is the greatest common divisor of b and 40?
10
Let h be ((-55)/(-5))/((-1)/(-7)). What is the highest common factor of 7 and h?
7
Let q = 22 + -31. Let m = -2 - q. Calculate the highest common factor of m and 49.
7
Let l be (2 - 1) + (0 - -2). Suppose -l*q - 2*q = -25. Suppose 0 = -y + 30 - 5. What is the greatest common divisor of y and q?
5
Let z be (1 + 6)*(-12)/(-7). What is the greatest common factor of 3